{"id":224737,"date":"2026-04-09T14:23:36","date_gmt":"2026-04-09T14:23:36","guid":{"rendered":"https:\/\/kidtokidonline.pt\/telheiras\/?post_type=product&#038;p=224737"},"modified":"2026-04-09T14:28:13","modified_gmt":"2026-04-09T14:28:13","slug":"cadeira-auto-austen-2","status":"publish","type":"product","link":"https:\/\/kidtokidonline.pt\/telheiras\/produto\/cadeira-auto-austen-2\/","title":{"rendered":"Cadeira Auto Austen 2 c\/Isofix"},"content":{"rendered":"<p>Descubra a seguran\u00e7a evolutiva da cadeirinha auto Austen 2. Para crian\u00e7as de 40 a 150 cm de altura. Oferece uma instala\u00e7\u00e3o segura com sistema Isofix e top tether, proporcionando tranquilidade aos pais. Este assento girat\u00f3rio de 360\u00ba permite uma versatilidade excepcional e a sua capacidade de orienta\u00e7\u00e3o voltada para tr\u00e1s de at\u00e9 105 cm garante uma seguran\u00e7a ideal. Com quatro posi\u00e7\u00f5es de reclina\u00e7\u00e3o, encosto de cabe\u00e7a regul\u00e1vel em altura e tecido remov\u00edvel e lav\u00e1vel, este produto alia conforto e prote\u00e7\u00e3o em um design exclusivo. A espuma EPP de alta resili\u00eancia e a prote\u00e7\u00e3o contra impactos laterais proporcionam seguran\u00e7a adicional, e o sistema de ventila\u00e7\u00e3o traseiro garante que seu filho ande confortavelmente em todos os momentos.<\/p>\n<p>Com isofix<\/p>\n","protected":false},"excerpt":{"rendered":"<p>Descubra a seguran\u00e7a evolutiva da cadeirinha auto Austen 2. Para crian\u00e7as de 40 a 150 cm de altura. Oferece uma instala\u00e7\u00e3o segura com sistema Isofix e top tether, proporcionando tranquilidade aos pais. Este assento girat\u00f3rio de 360\u00ba permite uma versatilidade excepcional e a sua capacidade de orienta\u00e7\u00e3o voltada para tr\u00e1s de at\u00e9 105 cm garante &hellip;<\/p>\n<p class=\"read-more\"> <a class=\"\" href=\"https:\/\/kidtokidonline.pt\/telheiras\/produto\/cadeira-auto-austen-2\/\"> <span class=\"screen-reader-text\">Cadeira Auto Austen 2 c\/Isofix<\/span> Read More &raquo;<\/a><\/p>\n","protected":false},"featured_media":224740,"template":"","meta":[],"product_cat":[821],"product_tag":[2133],"class_list":{"0":"post-224737","1":"product","2":"type-product","3":"status-publish","4":"has-post-thumbnail","6":"product_cat-cadeiras-auto","7":"product_tag-cadeira-auto","9":"first","10":"instock","11":"shipping-taxable","12":"purchasable","13":"product-type-simple"},"yoast_head":"<!-- This site is optimized with the Yoast SEO plugin v23.3 - https:\/\/yoast.com\/wordpress\/plugins\/seo\/ -->\n<title>Cadeira Auto Austen 2 c\/Isofix - Kid to Kid Online Telheiras<\/title>\n<meta name=\"robots\" content=\"index, follow, max-snippet:-1, max-image-preview:large, max-video-preview:-1\" \/>\n<link rel=\"canonical\" href=\"https:\/\/kidtokidonline.pt\/telheiras\/produto\/cadeira-auto-austen-2\/\" \/>\n<meta property=\"og:locale\" content=\"pt_PT\" \/>\n<meta property=\"og:type\" content=\"article\" \/>\n<meta property=\"og:title\" content=\"Cadeira Auto Austen 2 c\/Isofix - Kid to Kid Online Telheiras\" \/>\n<meta property=\"og:description\" content=\"Descubra a seguran\u00e7a evolutiva da cadeirinha auto Austen 2. Para crian\u00e7as de 40 a 150 cm de altura. Oferece uma instala\u00e7\u00e3o segura com sistema Isofix e top tether, proporcionando tranquilidade aos pais. Este assento girat\u00f3rio de 360\u00ba permite uma versatilidade excepcional e a sua capacidade de orienta\u00e7\u00e3o voltada para tr\u00e1s de at\u00e9 105 cm garante &hellip; Cadeira Auto Austen 2 c\/Isofix Read More &raquo;\" \/>\n<meta property=\"og:url\" content=\"https:\/\/kidtokidonline.pt\/telheiras\/produto\/cadeira-auto-austen-2\/\" \/>\n<meta property=\"og:site_name\" content=\"Kid to Kid Online Telheiras\" \/>\n<meta property=\"article:publisher\" content=\"https:\/\/www.facebook.com\/k2ktelheiras\" \/>\n<meta property=\"article:modified_time\" content=\"2026-04-09T14:28:13+00:00\" \/>\n<meta property=\"og:image\" content=\"https:\/\/kidtokidonline.pt\/telheiras\/wp-content\/uploads\/2026\/04\/21649-asalvo-cadeira-auto-i-size-austen-2-black-6.webp\" \/>\n\t<meta property=\"og:image:width\" content=\"600\" \/>\n\t<meta property=\"og:image:height\" content=\"600\" \/>\n\t<meta property=\"og:image:type\" content=\"image\/webp\" \/>\n<meta name=\"twitter:card\" content=\"summary_large_image\" \/>\n<meta name=\"twitter:label1\" content=\"Tempo estimado de leitura\" \/>\n\t<meta name=\"twitter:data1\" content=\"1 minuto\" \/>\n<script type=\"application\/ld+json\" class=\"yoast-schema-graph\">{\"@context\":\"https:\/\/schema.org\",\"@graph\":[{\"@type\":\"WebPage\",\"@id\":\"https:\/\/kidtokidonline.pt\/telheiras\/produto\/cadeira-auto-austen-2\/\",\"url\":\"https:\/\/kidtokidonline.pt\/telheiras\/produto\/cadeira-auto-austen-2\/\",\"name\":\"Cadeira Auto Austen 2 c\/Isofix - Kid to Kid Online Telheiras\",\"isPartOf\":{\"@id\":\"https:\/\/kidtokidonline.pt\/telheiras\/#website\"},\"primaryImageOfPage\":{\"@id\":\"https:\/\/kidtokidonline.pt\/telheiras\/produto\/cadeira-auto-austen-2\/#primaryimage\"},\"image\":{\"@id\":\"https:\/\/kidtokidonline.pt\/telheiras\/produto\/cadeira-auto-austen-2\/#primaryimage\"},\"thumbnailUrl\":\"https:\/\/kidtokidonline.pt\/telheiras\/wp-content\/uploads\/2026\/04\/21649-asalvo-cadeira-auto-i-size-austen-2-black-6.webp\",\"datePublished\":\"2026-04-09T14:23:36+00:00\",\"dateModified\":\"2026-04-09T14:28:13+00:00\",\"breadcrumb\":{\"@id\":\"https:\/\/kidtokidonline.pt\/telheiras\/produto\/cadeira-auto-austen-2\/#breadcrumb\"},\"inLanguage\":\"pt-PT\",\"potentialAction\":[{\"@type\":\"ReadAction\",\"target\":[\"https:\/\/kidtokidonline.pt\/telheiras\/produto\/cadeira-auto-austen-2\/\"]}]},{\"@type\":\"ImageObject\",\"inLanguage\":\"pt-PT\",\"@id\":\"https:\/\/kidtokidonline.pt\/telheiras\/produto\/cadeira-auto-austen-2\/#primaryimage\",\"url\":\"https:\/\/kidtokidonline.pt\/telheiras\/wp-content\/uploads\/2026\/04\/21649-asalvo-cadeira-auto-i-size-austen-2-black-6.webp\",\"contentUrl\":\"https:\/\/kidtokidonline.pt\/telheiras\/wp-content\/uploads\/2026\/04\/21649-asalvo-cadeira-auto-i-size-austen-2-black-6.webp\",\"width\":600,\"height\":600},{\"@type\":\"BreadcrumbList\",\"@id\":\"https:\/\/kidtokidonline.pt\/telheiras\/produto\/cadeira-auto-austen-2\/#breadcrumb\",\"itemListElement\":[{\"@type\":\"ListItem\",\"position\":1,\"name\":\"In\u00edcio\",\"item\":\"https:\/\/kidtokidonline.pt\/telheiras\/\"},{\"@type\":\"ListItem\",\"position\":2,\"name\":\"Loja\",\"item\":\"https:\/\/kidtokidonline.pt\/telheiras\/loja\/\"},{\"@type\":\"ListItem\",\"position\":3,\"name\":\"Cadeira Auto Austen 2 c\/Isofix\"}]},{\"@type\":\"WebSite\",\"@id\":\"https:\/\/kidtokidonline.pt\/telheiras\/#website\",\"url\":\"https:\/\/kidtokidonline.pt\/telheiras\/\",\"name\":\"Kid to Kid Online Telheiras\",\"description\":\"Loja online de artigos de crian\u00e7a\",\"publisher\":{\"@id\":\"https:\/\/kidtokidonline.pt\/telheiras\/#organization\"},\"potentialAction\":[{\"@type\":\"SearchAction\",\"target\":{\"@type\":\"EntryPoint\",\"urlTemplate\":\"https:\/\/kidtokidonline.pt\/telheiras\/?s={search_term_string}\"},\"query-input\":\"required name=search_term_string\"}],\"inLanguage\":\"pt-PT\"},{\"@type\":\"Organization\",\"@id\":\"https:\/\/kidtokidonline.pt\/telheiras\/#organization\",\"name\":\"Kid to Kid Telheiras\",\"url\":\"https:\/\/kidtokidonline.pt\/telheiras\/\",\"logo\":{\"@type\":\"ImageObject\",\"inLanguage\":\"pt-PT\",\"@id\":\"https:\/\/kidtokidonline.pt\/telheiras\/#\/schema\/logo\/image\/\",\"url\":\"\",\"contentUrl\":\"\",\"caption\":\"Kid to Kid Telheiras\"},\"image\":{\"@id\":\"https:\/\/kidtokidonline.pt\/telheiras\/#\/schema\/logo\/image\/\"},\"sameAs\":[\"https:\/\/www.facebook.com\/k2ktelheiras\",\"https:\/\/www.instagram.com\/kidtokid_telheiras\/\"]}]}<\/script>\n<!-- \/ Yoast SEO plugin. -->","yoast_head_json":{"title":"Cadeira Auto Austen 2 c\/Isofix - Kid to Kid Online Telheiras","robots":{"index":"index","follow":"follow","max-snippet":"max-snippet:-1","max-image-preview":"max-image-preview:large","max-video-preview":"max-video-preview:-1"},"canonical":"https:\/\/kidtokidonline.pt\/telheiras\/produto\/cadeira-auto-austen-2\/","og_locale":"pt_PT","og_type":"article","og_title":"Cadeira Auto Austen 2 c\/Isofix - Kid to Kid Online Telheiras","og_description":"Descubra a seguran\u00e7a evolutiva da cadeirinha auto Austen 2. Para crian\u00e7as de 40 a 150 cm de altura. Oferece uma instala\u00e7\u00e3o segura com sistema Isofix e top tether, proporcionando tranquilidade aos pais. Este assento girat\u00f3rio de 360\u00ba permite uma versatilidade excepcional e a sua capacidade de orienta\u00e7\u00e3o voltada para tr\u00e1s de at\u00e9 105 cm garante &hellip; Cadeira Auto Austen 2 c\/Isofix Read More &raquo;","og_url":"https:\/\/kidtokidonline.pt\/telheiras\/produto\/cadeira-auto-austen-2\/","og_site_name":"Kid to Kid Online Telheiras","article_publisher":"https:\/\/www.facebook.com\/k2ktelheiras","article_modified_time":"2026-04-09T14:28:13+00:00","og_image":[{"width":600,"height":600,"url":"https:\/\/kidtokidonline.pt\/telheiras\/wp-content\/uploads\/2026\/04\/21649-asalvo-cadeira-auto-i-size-austen-2-black-6.webp","type":"image\/webp"}],"twitter_card":"summary_large_image","twitter_misc":{"Tempo estimado de leitura":"1 minuto"},"schema":{"@context":"https:\/\/schema.org","@graph":[{"@type":"WebPage","@id":"https:\/\/kidtokidonline.pt\/telheiras\/produto\/cadeira-auto-austen-2\/","url":"https:\/\/kidtokidonline.pt\/telheiras\/produto\/cadeira-auto-austen-2\/","name":"Cadeira Auto Austen 2 c\/Isofix - Kid to Kid Online Telheiras","isPartOf":{"@id":"https:\/\/kidtokidonline.pt\/telheiras\/#website"},"primaryImageOfPage":{"@id":"https:\/\/kidtokidonline.pt\/telheiras\/produto\/cadeira-auto-austen-2\/#primaryimage"},"image":{"@id":"https:\/\/kidtokidonline.pt\/telheiras\/produto\/cadeira-auto-austen-2\/#primaryimage"},"thumbnailUrl":"https:\/\/kidtokidonline.pt\/telheiras\/wp-content\/uploads\/2026\/04\/21649-asalvo-cadeira-auto-i-size-austen-2-black-6.webp","datePublished":"2026-04-09T14:23:36+00:00","dateModified":"2026-04-09T14:28:13+00:00","breadcrumb":{"@id":"https:\/\/kidtokidonline.pt\/telheiras\/produto\/cadeira-auto-austen-2\/#breadcrumb"},"inLanguage":"pt-PT","potentialAction":[{"@type":"ReadAction","target":["https:\/\/kidtokidonline.pt\/telheiras\/produto\/cadeira-auto-austen-2\/"]}]},{"@type":"ImageObject","inLanguage":"pt-PT","@id":"https:\/\/kidtokidonline.pt\/telheiras\/produto\/cadeira-auto-austen-2\/#primaryimage","url":"https:\/\/kidtokidonline.pt\/telheiras\/wp-content\/uploads\/2026\/04\/21649-asalvo-cadeira-auto-i-size-austen-2-black-6.webp","contentUrl":"https:\/\/kidtokidonline.pt\/telheiras\/wp-content\/uploads\/2026\/04\/21649-asalvo-cadeira-auto-i-size-austen-2-black-6.webp","width":600,"height":600},{"@type":"BreadcrumbList","@id":"https:\/\/kidtokidonline.pt\/telheiras\/produto\/cadeira-auto-austen-2\/#breadcrumb","itemListElement":[{"@type":"ListItem","position":1,"name":"In\u00edcio","item":"https:\/\/kidtokidonline.pt\/telheiras\/"},{"@type":"ListItem","position":2,"name":"Loja","item":"https:\/\/kidtokidonline.pt\/telheiras\/loja\/"},{"@type":"ListItem","position":3,"name":"Cadeira Auto Austen 2 c\/Isofix"}]},{"@type":"WebSite","@id":"https:\/\/kidtokidonline.pt\/telheiras\/#website","url":"https:\/\/kidtokidonline.pt\/telheiras\/","name":"Kid to Kid Online Telheiras","description":"Loja online de artigos de crian\u00e7a","publisher":{"@id":"https:\/\/kidtokidonline.pt\/telheiras\/#organization"},"potentialAction":[{"@type":"SearchAction","target":{"@type":"EntryPoint","urlTemplate":"https:\/\/kidtokidonline.pt\/telheiras\/?s={search_term_string}"},"query-input":"required name=search_term_string"}],"inLanguage":"pt-PT"},{"@type":"Organization","@id":"https:\/\/kidtokidonline.pt\/telheiras\/#organization","name":"Kid to Kid Telheiras","url":"https:\/\/kidtokidonline.pt\/telheiras\/","logo":{"@type":"ImageObject","inLanguage":"pt-PT","@id":"https:\/\/kidtokidonline.pt\/telheiras\/#\/schema\/logo\/image\/","url":"","contentUrl":"","caption":"Kid to Kid Telheiras"},"image":{"@id":"https:\/\/kidtokidonline.pt\/telheiras\/#\/schema\/logo\/image\/"},"sameAs":["https:\/\/www.facebook.com\/k2ktelheiras","https:\/\/www.instagram.com\/kidtokid_telheiras\/"]}]}},"_links":{"self":[{"href":"https:\/\/kidtokidonline.pt\/telheiras\/wp-json\/wp\/v2\/product\/224737"}],"collection":[{"href":"https:\/\/kidtokidonline.pt\/telheiras\/wp-json\/wp\/v2\/product"}],"about":[{"href":"https:\/\/kidtokidonline.pt\/telheiras\/wp-json\/wp\/v2\/types\/product"}],"wp:featuredmedia":[{"embeddable":true,"href":"https:\/\/kidtokidonline.pt\/telheiras\/wp-json\/wp\/v2\/media\/224740"}],"wp:attachment":[{"href":"https:\/\/kidtokidonline.pt\/telheiras\/wp-json\/wp\/v2\/media?parent=224737"}],"wp:term":[{"taxonomy":"product_cat","embeddable":true,"href":"https:\/\/kidtokidonline.pt\/telheiras\/wp-json\/wp\/v2\/product_cat?post=224737"},{"taxonomy":"product_tag","embeddable":true,"href":"https:\/\/kidtokidonline.pt\/telheiras\/wp-json\/wp\/v2\/product_tag?post=224737"}],"curies":[{"name":"wp","href":"https:\/\/api.w.org\/{rel}","templated":true}]}}