{"id":224603,"date":"2025-12-16T10:47:22","date_gmt":"2025-12-16T10:47:22","guid":{"rendered":"https:\/\/kidtokidonline.pt\/telheiras\/?post_type=product&#038;p=224603"},"modified":"2025-12-16T11:07:45","modified_gmt":"2025-12-16T11:07:45","slug":"carro-de-passeio-tumbuctu-bege","status":"publish","type":"product","link":"https:\/\/kidtokidonline.pt\/telheiras\/produto\/carro-de-passeio-tumbuctu-bege\/","title":{"rendered":"Carro de Passeio Tumbuctu Bege c\/ Ovinho"},"content":{"rendered":"<p><strong><span dir=\"auto\">O sistema de viagem Tumbuctu<\/span><\/strong><span dir=\"auto\">\u00a0\u00a0combina leveza, praticidade e seguran\u00e7a em um \u00fanico carrinho. Inclui um\u00a0<\/span><strong><span dir=\"auto\">carrinho compacto<\/span><\/strong><span dir=\"auto\">\u00a0e uma\u00a0<\/span><strong><span dir=\"auto\">cadeira auto homologada pela norma R129<\/span><\/strong><span dir=\"auto\">\u00a0para beb\u00e9s de 40 a 87 cm, com adaptadores para uma transi\u00e7\u00e3o r\u00e1pida e f\u00e1cil entre os dois.<\/span><br \/>\n<span dir=\"auto\">O seu design ultraleve, com apenas 6,6 kg, e a sua\u00a0<\/span><strong><span dir=\"auto\">pega telesc\u00f3pica<\/span><\/strong><span dir=\"auto\">\u00a0tornam-no ideal para viagens, sendo tamb\u00e9m compat\u00edvel como bagagem de m\u00e3o na maioria das companhias a\u00e9reas.<\/span><br \/>\n<span dir=\"auto\">Oferece o m\u00e1ximo conforto gra\u00e7as ao\u00a0<\/span><strong><span dir=\"auto\">encosto reclin\u00e1vel<\/span><\/strong><span dir=\"auto\">\u00a0, \u00e0 suspens\u00e3o nas rodas dianteiras e traseiras e ao\u00a0<\/span><strong><span dir=\"auto\">apoio para os p\u00e9s ajust\u00e1vel<\/span><\/strong><span dir=\"auto\">\u00a0.<\/span><\/p>\n<p>&nbsp;<\/p>\n<p><span dir=\"auto\">Com o\u00a0<\/span><strong><span dir=\"auto\">sistema de viagem Tumbuctu<\/span><\/strong><span dir=\"auto\"> , cada viagem ser\u00e1 uma experi\u00eancia confort\u00e1vel, pr\u00e1tica e segura para si e para o seu beb\u00e9.<\/span><\/p>\n","protected":false},"excerpt":{"rendered":"<p>Artigo Novo<\/p>\n","protected":false},"featured_media":224600,"template":"","meta":[],"product_cat":[782],"product_tag":[1691,945],"class_list":{"0":"post-224603","1":"product","2":"type-product","3":"status-publish","4":"has-post-thumbnail","6":"product_cat-carrinhos-de-passeio","7":"product_tag-bengala-carros-leves","8":"product_tag-carros-de-passeio","10":"first","11":"instock","12":"shipping-taxable","13":"purchasable","14":"product-type-simple"},"yoast_head":"<!-- This site is optimized with the Yoast SEO plugin v23.3 - https:\/\/yoast.com\/wordpress\/plugins\/seo\/ -->\n<title>Carro de Passeio Tumbuctu Bege c\/ Ovinho - Kid to Kid Online Telheiras<\/title>\n<meta name=\"robots\" content=\"index, follow, max-snippet:-1, max-image-preview:large, max-video-preview:-1\" \/>\n<link rel=\"canonical\" href=\"https:\/\/kidtokidonline.pt\/telheiras\/produto\/carro-de-passeio-tumbuctu-bege\/\" \/>\n<meta property=\"og:locale\" content=\"pt_PT\" \/>\n<meta property=\"og:type\" content=\"article\" \/>\n<meta property=\"og:title\" content=\"Carro de Passeio Tumbuctu Bege c\/ Ovinho - Kid to Kid Online Telheiras\" \/>\n<meta property=\"og:description\" content=\"Artigo Novo\" \/>\n<meta property=\"og:url\" content=\"https:\/\/kidtokidonline.pt\/telheiras\/produto\/carro-de-passeio-tumbuctu-bege\/\" \/>\n<meta property=\"og:site_name\" content=\"Kid to Kid Online Telheiras\" \/>\n<meta property=\"article:publisher\" content=\"https:\/\/www.facebook.com\/k2ktelheiras\" \/>\n<meta property=\"article:modified_time\" content=\"2025-12-16T11:07:45+00:00\" \/>\n<meta property=\"og:image\" content=\"https:\/\/kidtokidonline.pt\/telheiras\/wp-content\/uploads\/2025\/12\/Photoroom_20251213_142832.jpg\" \/>\n\t<meta property=\"og:image:width\" content=\"1108\" \/>\n\t<meta property=\"og:image:height\" content=\"2400\" \/>\n\t<meta property=\"og:image:type\" content=\"image\/jpeg\" \/>\n<meta name=\"twitter:card\" content=\"summary_large_image\" \/>\n<meta name=\"twitter:label1\" content=\"Tempo estimado de leitura\" \/>\n\t<meta name=\"twitter:data1\" content=\"1 minuto\" \/>\n<script type=\"application\/ld+json\" class=\"yoast-schema-graph\">{\"@context\":\"https:\/\/schema.org\",\"@graph\":[{\"@type\":\"WebPage\",\"@id\":\"https:\/\/kidtokidonline.pt\/telheiras\/produto\/carro-de-passeio-tumbuctu-bege\/\",\"url\":\"https:\/\/kidtokidonline.pt\/telheiras\/produto\/carro-de-passeio-tumbuctu-bege\/\",\"name\":\"Carro de Passeio Tumbuctu Bege c\/ Ovinho - Kid to Kid Online Telheiras\",\"isPartOf\":{\"@id\":\"https:\/\/kidtokidonline.pt\/telheiras\/#website\"},\"primaryImageOfPage\":{\"@id\":\"https:\/\/kidtokidonline.pt\/telheiras\/produto\/carro-de-passeio-tumbuctu-bege\/#primaryimage\"},\"image\":{\"@id\":\"https:\/\/kidtokidonline.pt\/telheiras\/produto\/carro-de-passeio-tumbuctu-bege\/#primaryimage\"},\"thumbnailUrl\":\"https:\/\/kidtokidonline.pt\/telheiras\/wp-content\/uploads\/2025\/12\/Photoroom_20251213_142832.jpg\",\"datePublished\":\"2025-12-16T10:47:22+00:00\",\"dateModified\":\"2025-12-16T11:07:45+00:00\",\"breadcrumb\":{\"@id\":\"https:\/\/kidtokidonline.pt\/telheiras\/produto\/carro-de-passeio-tumbuctu-bege\/#breadcrumb\"},\"inLanguage\":\"pt-PT\",\"potentialAction\":[{\"@type\":\"ReadAction\",\"target\":[\"https:\/\/kidtokidonline.pt\/telheiras\/produto\/carro-de-passeio-tumbuctu-bege\/\"]}]},{\"@type\":\"ImageObject\",\"inLanguage\":\"pt-PT\",\"@id\":\"https:\/\/kidtokidonline.pt\/telheiras\/produto\/carro-de-passeio-tumbuctu-bege\/#primaryimage\",\"url\":\"https:\/\/kidtokidonline.pt\/telheiras\/wp-content\/uploads\/2025\/12\/Photoroom_20251213_142832.jpg\",\"contentUrl\":\"https:\/\/kidtokidonline.pt\/telheiras\/wp-content\/uploads\/2025\/12\/Photoroom_20251213_142832.jpg\",\"width\":1108,\"height\":2400},{\"@type\":\"BreadcrumbList\",\"@id\":\"https:\/\/kidtokidonline.pt\/telheiras\/produto\/carro-de-passeio-tumbuctu-bege\/#breadcrumb\",\"itemListElement\":[{\"@type\":\"ListItem\",\"position\":1,\"name\":\"In\u00edcio\",\"item\":\"https:\/\/kidtokidonline.pt\/telheiras\/\"},{\"@type\":\"ListItem\",\"position\":2,\"name\":\"Loja\",\"item\":\"https:\/\/kidtokidonline.pt\/telheiras\/loja\/\"},{\"@type\":\"ListItem\",\"position\":3,\"name\":\"Carro de Passeio Tumbuctu Bege c\/ Ovinho\"}]},{\"@type\":\"WebSite\",\"@id\":\"https:\/\/kidtokidonline.pt\/telheiras\/#website\",\"url\":\"https:\/\/kidtokidonline.pt\/telheiras\/\",\"name\":\"Kid to Kid Online Telheiras\",\"description\":\"Loja online de artigos de crian\u00e7a\",\"publisher\":{\"@id\":\"https:\/\/kidtokidonline.pt\/telheiras\/#organization\"},\"potentialAction\":[{\"@type\":\"SearchAction\",\"target\":{\"@type\":\"EntryPoint\",\"urlTemplate\":\"https:\/\/kidtokidonline.pt\/telheiras\/?s={search_term_string}\"},\"query-input\":\"required name=search_term_string\"}],\"inLanguage\":\"pt-PT\"},{\"@type\":\"Organization\",\"@id\":\"https:\/\/kidtokidonline.pt\/telheiras\/#organization\",\"name\":\"Kid to Kid Telheiras\",\"url\":\"https:\/\/kidtokidonline.pt\/telheiras\/\",\"logo\":{\"@type\":\"ImageObject\",\"inLanguage\":\"pt-PT\",\"@id\":\"https:\/\/kidtokidonline.pt\/telheiras\/#\/schema\/logo\/image\/\",\"url\":\"\",\"contentUrl\":\"\",\"caption\":\"Kid to Kid Telheiras\"},\"image\":{\"@id\":\"https:\/\/kidtokidonline.pt\/telheiras\/#\/schema\/logo\/image\/\"},\"sameAs\":[\"https:\/\/www.facebook.com\/k2ktelheiras\",\"https:\/\/www.instagram.com\/kidtokid_telheiras\/\"]}]}<\/script>\n<!-- \/ Yoast SEO plugin. -->","yoast_head_json":{"title":"Carro de Passeio Tumbuctu Bege c\/ Ovinho - Kid to Kid Online Telheiras","robots":{"index":"index","follow":"follow","max-snippet":"max-snippet:-1","max-image-preview":"max-image-preview:large","max-video-preview":"max-video-preview:-1"},"canonical":"https:\/\/kidtokidonline.pt\/telheiras\/produto\/carro-de-passeio-tumbuctu-bege\/","og_locale":"pt_PT","og_type":"article","og_title":"Carro de Passeio Tumbuctu Bege c\/ Ovinho - Kid to Kid Online Telheiras","og_description":"Artigo Novo","og_url":"https:\/\/kidtokidonline.pt\/telheiras\/produto\/carro-de-passeio-tumbuctu-bege\/","og_site_name":"Kid to Kid Online Telheiras","article_publisher":"https:\/\/www.facebook.com\/k2ktelheiras","article_modified_time":"2025-12-16T11:07:45+00:00","og_image":[{"width":1108,"height":2400,"url":"https:\/\/kidtokidonline.pt\/telheiras\/wp-content\/uploads\/2025\/12\/Photoroom_20251213_142832.jpg","type":"image\/jpeg"}],"twitter_card":"summary_large_image","twitter_misc":{"Tempo estimado de leitura":"1 minuto"},"schema":{"@context":"https:\/\/schema.org","@graph":[{"@type":"WebPage","@id":"https:\/\/kidtokidonline.pt\/telheiras\/produto\/carro-de-passeio-tumbuctu-bege\/","url":"https:\/\/kidtokidonline.pt\/telheiras\/produto\/carro-de-passeio-tumbuctu-bege\/","name":"Carro de Passeio Tumbuctu Bege c\/ Ovinho - Kid to Kid Online Telheiras","isPartOf":{"@id":"https:\/\/kidtokidonline.pt\/telheiras\/#website"},"primaryImageOfPage":{"@id":"https:\/\/kidtokidonline.pt\/telheiras\/produto\/carro-de-passeio-tumbuctu-bege\/#primaryimage"},"image":{"@id":"https:\/\/kidtokidonline.pt\/telheiras\/produto\/carro-de-passeio-tumbuctu-bege\/#primaryimage"},"thumbnailUrl":"https:\/\/kidtokidonline.pt\/telheiras\/wp-content\/uploads\/2025\/12\/Photoroom_20251213_142832.jpg","datePublished":"2025-12-16T10:47:22+00:00","dateModified":"2025-12-16T11:07:45+00:00","breadcrumb":{"@id":"https:\/\/kidtokidonline.pt\/telheiras\/produto\/carro-de-passeio-tumbuctu-bege\/#breadcrumb"},"inLanguage":"pt-PT","potentialAction":[{"@type":"ReadAction","target":["https:\/\/kidtokidonline.pt\/telheiras\/produto\/carro-de-passeio-tumbuctu-bege\/"]}]},{"@type":"ImageObject","inLanguage":"pt-PT","@id":"https:\/\/kidtokidonline.pt\/telheiras\/produto\/carro-de-passeio-tumbuctu-bege\/#primaryimage","url":"https:\/\/kidtokidonline.pt\/telheiras\/wp-content\/uploads\/2025\/12\/Photoroom_20251213_142832.jpg","contentUrl":"https:\/\/kidtokidonline.pt\/telheiras\/wp-content\/uploads\/2025\/12\/Photoroom_20251213_142832.jpg","width":1108,"height":2400},{"@type":"BreadcrumbList","@id":"https:\/\/kidtokidonline.pt\/telheiras\/produto\/carro-de-passeio-tumbuctu-bege\/#breadcrumb","itemListElement":[{"@type":"ListItem","position":1,"name":"In\u00edcio","item":"https:\/\/kidtokidonline.pt\/telheiras\/"},{"@type":"ListItem","position":2,"name":"Loja","item":"https:\/\/kidtokidonline.pt\/telheiras\/loja\/"},{"@type":"ListItem","position":3,"name":"Carro de Passeio Tumbuctu Bege c\/ Ovinho"}]},{"@type":"WebSite","@id":"https:\/\/kidtokidonline.pt\/telheiras\/#website","url":"https:\/\/kidtokidonline.pt\/telheiras\/","name":"Kid to Kid Online Telheiras","description":"Loja online de artigos de crian\u00e7a","publisher":{"@id":"https:\/\/kidtokidonline.pt\/telheiras\/#organization"},"potentialAction":[{"@type":"SearchAction","target":{"@type":"EntryPoint","urlTemplate":"https:\/\/kidtokidonline.pt\/telheiras\/?s={search_term_string}"},"query-input":"required name=search_term_string"}],"inLanguage":"pt-PT"},{"@type":"Organization","@id":"https:\/\/kidtokidonline.pt\/telheiras\/#organization","name":"Kid to Kid Telheiras","url":"https:\/\/kidtokidonline.pt\/telheiras\/","logo":{"@type":"ImageObject","inLanguage":"pt-PT","@id":"https:\/\/kidtokidonline.pt\/telheiras\/#\/schema\/logo\/image\/","url":"","contentUrl":"","caption":"Kid to Kid Telheiras"},"image":{"@id":"https:\/\/kidtokidonline.pt\/telheiras\/#\/schema\/logo\/image\/"},"sameAs":["https:\/\/www.facebook.com\/k2ktelheiras","https:\/\/www.instagram.com\/kidtokid_telheiras\/"]}]}},"_links":{"self":[{"href":"https:\/\/kidtokidonline.pt\/telheiras\/wp-json\/wp\/v2\/product\/224603"}],"collection":[{"href":"https:\/\/kidtokidonline.pt\/telheiras\/wp-json\/wp\/v2\/product"}],"about":[{"href":"https:\/\/kidtokidonline.pt\/telheiras\/wp-json\/wp\/v2\/types\/product"}],"wp:featuredmedia":[{"embeddable":true,"href":"https:\/\/kidtokidonline.pt\/telheiras\/wp-json\/wp\/v2\/media\/224600"}],"wp:attachment":[{"href":"https:\/\/kidtokidonline.pt\/telheiras\/wp-json\/wp\/v2\/media?parent=224603"}],"wp:term":[{"taxonomy":"product_cat","embeddable":true,"href":"https:\/\/kidtokidonline.pt\/telheiras\/wp-json\/wp\/v2\/product_cat?post=224603"},{"taxonomy":"product_tag","embeddable":true,"href":"https:\/\/kidtokidonline.pt\/telheiras\/wp-json\/wp\/v2\/product_tag?post=224603"}],"curies":[{"name":"wp","href":"https:\/\/api.w.org\/{rel}","templated":true}]}}