{"id":139161,"date":"2022-09-25T22:56:55","date_gmt":"2022-09-25T22:56:55","guid":{"rendered":"https:\/\/kidtokidonline.pt\/telheiras\/?post_type=product&#038;p=139161"},"modified":"2024-08-30T22:08:16","modified_gmt":"2024-08-30T22:08:16","slug":"duo-convertivel-em-alcofa-amaia-cinza-escuro","status":"publish","type":"product","link":"https:\/\/kidtokidonline.pt\/telheiras\/produto\/duo-convertivel-em-alcofa-amaia-cinza-escuro\/","title":{"rendered":"Duo Convertivel em Alcofa AMAIA Cinza Escuro 2024"},"content":{"rendered":"<p>Carrinho de beb\u00e9:<\/p>\n<p>\u2013 Adequado desde o nascimento at\u00e9 aos 22 kg;<\/p>\n<p>\u2013 Estrutura leve em alum\u00ednio com sistema de dobragem r\u00e1pido e f\u00e1cil;<\/p>\n<p>\u2013 Assento virado para a frente e para tr\u00e1s;<\/p>\n<p>\u2013 Unidade de assento que se converte em alcofa;<\/p>\n<p>\u2013 Pega do carrinho em pele;<\/p>\n<p>\u2013 Capota com para-sol e janela;<\/p>\n<p>\u2013 Barra do para-choques amov\u00edvel em pele;<\/p>\n<p>\u2013 Sistema de arn\u00eas de 5 pontos com protec\u00e7\u00f5es para os ombros e fivelas inferiores;<\/p>\n<p>\u2013 Rodas dianteiras com rota\u00e7\u00e3o de 360 graus e mecanismo de bloqueio;<\/p>\n<p>\u2013 Bolsa traseira na unidade do assento;<\/p>\n<p>\u2013 Suspens\u00e3o no chassis e nas rodas dianteiras;<\/p>\n<p>\u2013 Trav\u00e3o traseiro de um toque;<\/p>\n<p>\u2013 Assento reclin\u00e1vel ajust\u00e1vel em 3 posi\u00e7\u00f5es;<\/p>\n<p>\u2013 Tecidos imperme\u00e1veis UPF50+.<\/p>\n<p>Cadeira de autom\u00f3vel:<\/p>\n<p>\u2013 Pega de transporte ergon\u00f3mica em v\u00e1rias posi\u00e7\u00f5es;<\/p>\n<p>\u2013 Capota amov\u00edvel;<\/p>\n<p>\u2013 Almofada de assento macia;<\/p>\n<p>\u2013 Toldo ajust\u00e1vel em 3 posi\u00e7\u00f5es;<\/p>\n<p>\u2013 Sistema de arn\u00eas de 3 pontos com protec\u00e7\u00f5es para os ombros e fivelas de fecho inferiores;<\/p>\n<p>\u2013 i-SIZE (40-87 cm) Regulamento n.\u00ba R129\/03 da ONU.<\/p>\n<p>Acess\u00f3rios inclu\u00eddos: protetor para os p\u00e9s do assento, adaptadores,  suporte para copos, rede mosquiteira.<\/p>\n","protected":false},"excerpt":{"rendered":"<p>Artigo Novo<\/p>\n","protected":false},"featured_media":223620,"template":"","meta":[],"product_cat":[782],"product_tag":[957],"class_list":{"0":"post-139161","1":"product","2":"type-product","3":"status-publish","4":"has-post-thumbnail","6":"product_cat-carrinhos-de-passeio","7":"product_tag-carro-de-passeio-c-cadeira-auto","9":"first","10":"instock","11":"shipping-taxable","12":"purchasable","13":"product-type-simple"},"yoast_head":"<!-- This site is optimized with the Yoast SEO plugin v23.3 - https:\/\/yoast.com\/wordpress\/plugins\/seo\/ -->\n<title>Duo Convertivel em Alcofa AMAIA Cinza Escuro 2024 - Kid to Kid Online Telheiras<\/title>\n<meta name=\"robots\" content=\"index, follow, max-snippet:-1, max-image-preview:large, max-video-preview:-1\" \/>\n<link rel=\"canonical\" href=\"https:\/\/kidtokidonline.pt\/telheiras\/produto\/duo-convertivel-em-alcofa-amaia-cinza-escuro\/\" \/>\n<meta property=\"og:locale\" content=\"pt_PT\" \/>\n<meta property=\"og:type\" content=\"article\" \/>\n<meta property=\"og:title\" content=\"Duo Convertivel em Alcofa AMAIA Cinza Escuro 2024 - Kid to Kid Online Telheiras\" \/>\n<meta property=\"og:description\" content=\"Artigo Novo\" \/>\n<meta property=\"og:url\" content=\"https:\/\/kidtokidonline.pt\/telheiras\/produto\/duo-convertivel-em-alcofa-amaia-cinza-escuro\/\" \/>\n<meta property=\"og:site_name\" content=\"Kid to Kid Online Telheiras\" \/>\n<meta property=\"article:publisher\" content=\"https:\/\/www.facebook.com\/k2ktelheiras\" \/>\n<meta property=\"article:modified_time\" content=\"2024-08-30T22:08:16+00:00\" \/>\n<meta property=\"og:image\" content=\"https:\/\/kidtokidonline.pt\/telheiras\/wp-content\/uploads\/2022\/09\/amaia_dark_grey_01_31001010244_web.jpg\" \/>\n\t<meta property=\"og:image:width\" content=\"522\" \/>\n\t<meta property=\"og:image:height\" content=\"522\" \/>\n\t<meta property=\"og:image:type\" content=\"image\/jpeg\" \/>\n<meta name=\"twitter:card\" content=\"summary_large_image\" \/>\n<meta name=\"twitter:label1\" content=\"Tempo estimado de leitura\" \/>\n\t<meta name=\"twitter:data1\" content=\"2 minutos\" \/>\n<script type=\"application\/ld+json\" class=\"yoast-schema-graph\">{\"@context\":\"https:\/\/schema.org\",\"@graph\":[{\"@type\":\"WebPage\",\"@id\":\"https:\/\/kidtokidonline.pt\/telheiras\/produto\/duo-convertivel-em-alcofa-amaia-cinza-escuro\/\",\"url\":\"https:\/\/kidtokidonline.pt\/telheiras\/produto\/duo-convertivel-em-alcofa-amaia-cinza-escuro\/\",\"name\":\"Duo Convertivel em Alcofa AMAIA Cinza Escuro 2024 - Kid to Kid Online Telheiras\",\"isPartOf\":{\"@id\":\"https:\/\/kidtokidonline.pt\/telheiras\/#website\"},\"primaryImageOfPage\":{\"@id\":\"https:\/\/kidtokidonline.pt\/telheiras\/produto\/duo-convertivel-em-alcofa-amaia-cinza-escuro\/#primaryimage\"},\"image\":{\"@id\":\"https:\/\/kidtokidonline.pt\/telheiras\/produto\/duo-convertivel-em-alcofa-amaia-cinza-escuro\/#primaryimage\"},\"thumbnailUrl\":\"https:\/\/kidtokidonline.pt\/telheiras\/wp-content\/uploads\/2022\/09\/amaia_dark_grey_01_31001010244_web.jpg\",\"datePublished\":\"2022-09-25T22:56:55+00:00\",\"dateModified\":\"2024-08-30T22:08:16+00:00\",\"breadcrumb\":{\"@id\":\"https:\/\/kidtokidonline.pt\/telheiras\/produto\/duo-convertivel-em-alcofa-amaia-cinza-escuro\/#breadcrumb\"},\"inLanguage\":\"pt-PT\",\"potentialAction\":[{\"@type\":\"ReadAction\",\"target\":[\"https:\/\/kidtokidonline.pt\/telheiras\/produto\/duo-convertivel-em-alcofa-amaia-cinza-escuro\/\"]}]},{\"@type\":\"ImageObject\",\"inLanguage\":\"pt-PT\",\"@id\":\"https:\/\/kidtokidonline.pt\/telheiras\/produto\/duo-convertivel-em-alcofa-amaia-cinza-escuro\/#primaryimage\",\"url\":\"https:\/\/kidtokidonline.pt\/telheiras\/wp-content\/uploads\/2022\/09\/amaia_dark_grey_01_31001010244_web.jpg\",\"contentUrl\":\"https:\/\/kidtokidonline.pt\/telheiras\/wp-content\/uploads\/2022\/09\/amaia_dark_grey_01_31001010244_web.jpg\",\"width\":522,\"height\":522},{\"@type\":\"BreadcrumbList\",\"@id\":\"https:\/\/kidtokidonline.pt\/telheiras\/produto\/duo-convertivel-em-alcofa-amaia-cinza-escuro\/#breadcrumb\",\"itemListElement\":[{\"@type\":\"ListItem\",\"position\":1,\"name\":\"In\u00edcio\",\"item\":\"https:\/\/kidtokidonline.pt\/telheiras\/\"},{\"@type\":\"ListItem\",\"position\":2,\"name\":\"Loja\",\"item\":\"https:\/\/kidtokidonline.pt\/telheiras\/loja\/\"},{\"@type\":\"ListItem\",\"position\":3,\"name\":\"Duo Convertivel em Alcofa AMAIA Cinza Escuro 2024\"}]},{\"@type\":\"WebSite\",\"@id\":\"https:\/\/kidtokidonline.pt\/telheiras\/#website\",\"url\":\"https:\/\/kidtokidonline.pt\/telheiras\/\",\"name\":\"Kid to Kid Online Telheiras\",\"description\":\"Loja online de artigos de crian\u00e7a\",\"publisher\":{\"@id\":\"https:\/\/kidtokidonline.pt\/telheiras\/#organization\"},\"potentialAction\":[{\"@type\":\"SearchAction\",\"target\":{\"@type\":\"EntryPoint\",\"urlTemplate\":\"https:\/\/kidtokidonline.pt\/telheiras\/?s={search_term_string}\"},\"query-input\":\"required name=search_term_string\"}],\"inLanguage\":\"pt-PT\"},{\"@type\":\"Organization\",\"@id\":\"https:\/\/kidtokidonline.pt\/telheiras\/#organization\",\"name\":\"Kid to Kid Telheiras\",\"url\":\"https:\/\/kidtokidonline.pt\/telheiras\/\",\"logo\":{\"@type\":\"ImageObject\",\"inLanguage\":\"pt-PT\",\"@id\":\"https:\/\/kidtokidonline.pt\/telheiras\/#\/schema\/logo\/image\/\",\"url\":\"\",\"contentUrl\":\"\",\"caption\":\"Kid to Kid Telheiras\"},\"image\":{\"@id\":\"https:\/\/kidtokidonline.pt\/telheiras\/#\/schema\/logo\/image\/\"},\"sameAs\":[\"https:\/\/www.facebook.com\/k2ktelheiras\",\"https:\/\/www.instagram.com\/kidtokid_telheiras\/\"]}]}<\/script>\n<!-- \/ Yoast SEO plugin. -->","yoast_head_json":{"title":"Duo Convertivel em Alcofa AMAIA Cinza Escuro 2024 - Kid to Kid Online Telheiras","robots":{"index":"index","follow":"follow","max-snippet":"max-snippet:-1","max-image-preview":"max-image-preview:large","max-video-preview":"max-video-preview:-1"},"canonical":"https:\/\/kidtokidonline.pt\/telheiras\/produto\/duo-convertivel-em-alcofa-amaia-cinza-escuro\/","og_locale":"pt_PT","og_type":"article","og_title":"Duo Convertivel em Alcofa AMAIA Cinza Escuro 2024 - Kid to Kid Online Telheiras","og_description":"Artigo Novo","og_url":"https:\/\/kidtokidonline.pt\/telheiras\/produto\/duo-convertivel-em-alcofa-amaia-cinza-escuro\/","og_site_name":"Kid to Kid Online Telheiras","article_publisher":"https:\/\/www.facebook.com\/k2ktelheiras","article_modified_time":"2024-08-30T22:08:16+00:00","og_image":[{"width":522,"height":522,"url":"https:\/\/kidtokidonline.pt\/telheiras\/wp-content\/uploads\/2022\/09\/amaia_dark_grey_01_31001010244_web.jpg","type":"image\/jpeg"}],"twitter_card":"summary_large_image","twitter_misc":{"Tempo estimado de leitura":"2 minutos"},"schema":{"@context":"https:\/\/schema.org","@graph":[{"@type":"WebPage","@id":"https:\/\/kidtokidonline.pt\/telheiras\/produto\/duo-convertivel-em-alcofa-amaia-cinza-escuro\/","url":"https:\/\/kidtokidonline.pt\/telheiras\/produto\/duo-convertivel-em-alcofa-amaia-cinza-escuro\/","name":"Duo Convertivel em Alcofa AMAIA Cinza Escuro 2024 - Kid to Kid Online Telheiras","isPartOf":{"@id":"https:\/\/kidtokidonline.pt\/telheiras\/#website"},"primaryImageOfPage":{"@id":"https:\/\/kidtokidonline.pt\/telheiras\/produto\/duo-convertivel-em-alcofa-amaia-cinza-escuro\/#primaryimage"},"image":{"@id":"https:\/\/kidtokidonline.pt\/telheiras\/produto\/duo-convertivel-em-alcofa-amaia-cinza-escuro\/#primaryimage"},"thumbnailUrl":"https:\/\/kidtokidonline.pt\/telheiras\/wp-content\/uploads\/2022\/09\/amaia_dark_grey_01_31001010244_web.jpg","datePublished":"2022-09-25T22:56:55+00:00","dateModified":"2024-08-30T22:08:16+00:00","breadcrumb":{"@id":"https:\/\/kidtokidonline.pt\/telheiras\/produto\/duo-convertivel-em-alcofa-amaia-cinza-escuro\/#breadcrumb"},"inLanguage":"pt-PT","potentialAction":[{"@type":"ReadAction","target":["https:\/\/kidtokidonline.pt\/telheiras\/produto\/duo-convertivel-em-alcofa-amaia-cinza-escuro\/"]}]},{"@type":"ImageObject","inLanguage":"pt-PT","@id":"https:\/\/kidtokidonline.pt\/telheiras\/produto\/duo-convertivel-em-alcofa-amaia-cinza-escuro\/#primaryimage","url":"https:\/\/kidtokidonline.pt\/telheiras\/wp-content\/uploads\/2022\/09\/amaia_dark_grey_01_31001010244_web.jpg","contentUrl":"https:\/\/kidtokidonline.pt\/telheiras\/wp-content\/uploads\/2022\/09\/amaia_dark_grey_01_31001010244_web.jpg","width":522,"height":522},{"@type":"BreadcrumbList","@id":"https:\/\/kidtokidonline.pt\/telheiras\/produto\/duo-convertivel-em-alcofa-amaia-cinza-escuro\/#breadcrumb","itemListElement":[{"@type":"ListItem","position":1,"name":"In\u00edcio","item":"https:\/\/kidtokidonline.pt\/telheiras\/"},{"@type":"ListItem","position":2,"name":"Loja","item":"https:\/\/kidtokidonline.pt\/telheiras\/loja\/"},{"@type":"ListItem","position":3,"name":"Duo Convertivel em Alcofa AMAIA Cinza Escuro 2024"}]},{"@type":"WebSite","@id":"https:\/\/kidtokidonline.pt\/telheiras\/#website","url":"https:\/\/kidtokidonline.pt\/telheiras\/","name":"Kid to Kid Online Telheiras","description":"Loja online de artigos de crian\u00e7a","publisher":{"@id":"https:\/\/kidtokidonline.pt\/telheiras\/#organization"},"potentialAction":[{"@type":"SearchAction","target":{"@type":"EntryPoint","urlTemplate":"https:\/\/kidtokidonline.pt\/telheiras\/?s={search_term_string}"},"query-input":"required name=search_term_string"}],"inLanguage":"pt-PT"},{"@type":"Organization","@id":"https:\/\/kidtokidonline.pt\/telheiras\/#organization","name":"Kid to Kid Telheiras","url":"https:\/\/kidtokidonline.pt\/telheiras\/","logo":{"@type":"ImageObject","inLanguage":"pt-PT","@id":"https:\/\/kidtokidonline.pt\/telheiras\/#\/schema\/logo\/image\/","url":"","contentUrl":"","caption":"Kid to Kid Telheiras"},"image":{"@id":"https:\/\/kidtokidonline.pt\/telheiras\/#\/schema\/logo\/image\/"},"sameAs":["https:\/\/www.facebook.com\/k2ktelheiras","https:\/\/www.instagram.com\/kidtokid_telheiras\/"]}]}},"_links":{"self":[{"href":"https:\/\/kidtokidonline.pt\/telheiras\/wp-json\/wp\/v2\/product\/139161"}],"collection":[{"href":"https:\/\/kidtokidonline.pt\/telheiras\/wp-json\/wp\/v2\/product"}],"about":[{"href":"https:\/\/kidtokidonline.pt\/telheiras\/wp-json\/wp\/v2\/types\/product"}],"wp:featuredmedia":[{"embeddable":true,"href":"https:\/\/kidtokidonline.pt\/telheiras\/wp-json\/wp\/v2\/media\/223620"}],"wp:attachment":[{"href":"https:\/\/kidtokidonline.pt\/telheiras\/wp-json\/wp\/v2\/media?parent=139161"}],"wp:term":[{"taxonomy":"product_cat","embeddable":true,"href":"https:\/\/kidtokidonline.pt\/telheiras\/wp-json\/wp\/v2\/product_cat?post=139161"},{"taxonomy":"product_tag","embeddable":true,"href":"https:\/\/kidtokidonline.pt\/telheiras\/wp-json\/wp\/v2\/product_tag?post=139161"}],"curies":[{"name":"wp","href":"https:\/\/api.w.org\/{rel}","templated":true}]}}