{"id":51029,"date":"2020-05-11T11:17:30","date_gmt":"2020-05-11T11:17:30","guid":{"rendered":"https:\/\/kidtokidonline.pt\/setubal\/produto\/calcao-de-algodao-mayoral-6-anos\/"},"modified":"2020-05-13T21:21:07","modified_gmt":"2020-05-13T21:21:07","slug":"calcao-de-algodao-mayoral-6-anos","status":"publish","type":"product","link":"https:\/\/kidtokidonline.pt\/setubal\/produto\/calcao-de-algodao-mayoral-6-anos\/","title":{"rendered":"Cal\u00e7\u00e3o de Algod\u00e3o MAYORAL (6 Anos)"},"content":{"rendered":"","protected":false},"excerpt":{"rendered":"","protected":false},"featured_media":51028,"template":"","meta":[],"product_cat":[167],"product_tag":[329],"_links":{"self":[{"href":"https:\/\/kidtokidonline.pt\/setubal\/wp-json\/wp\/v2\/product\/51029"}],"collection":[{"href":"https:\/\/kidtokidonline.pt\/setubal\/wp-json\/wp\/v2\/product"}],"about":[{"href":"https:\/\/kidtokidonline.pt\/setubal\/wp-json\/wp\/v2\/types\/product"}],"wp:featuredmedia":[{"embeddable":true,"href":"https:\/\/kidtokidonline.pt\/setubal\/wp-json\/wp\/v2\/media\/51028"}],"wp:attachment":[{"href":"https:\/\/kidtokidonline.pt\/setubal\/wp-json\/wp\/v2\/media?parent=51029"}],"wp:term":[{"taxonomy":"product_cat","embeddable":true,"href":"https:\/\/kidtokidonline.pt\/setubal\/wp-json\/wp\/v2\/product_cat?post=51029"},{"taxonomy":"product_tag","embeddable":true,"href":"https:\/\/kidtokidonline.pt\/setubal\/wp-json\/wp\/v2\/product_tag?post=51029"}],"curies":[{"name":"wp","href":"https:\/\/api.w.org\/{rel}","templated":true}]}}