{"id":50643,"date":"2020-05-04T14:47:46","date_gmt":"2020-05-04T14:47:46","guid":{"rendered":"https:\/\/kidtokidonline.pt\/setubal\/produto\/calcao-de-algodao-hm-8-anos\/"},"modified":"2020-05-04T14:47:46","modified_gmt":"2020-05-04T14:47:46","slug":"calcao-de-algodao-hm-8-anos","status":"publish","type":"product","link":"https:\/\/kidtokidonline.pt\/setubal\/produto\/calcao-de-algodao-hm-8-anos\/","title":{"rendered":"Cal\u00e7\u00e3o de Algod\u00e3o H&amp;M (8 Anos)"},"content":{"rendered":"","protected":false},"excerpt":{"rendered":"","protected":false},"featured_media":50642,"template":"","meta":[],"product_cat":[239],"product_tag":[329],"_links":{"self":[{"href":"https:\/\/kidtokidonline.pt\/setubal\/wp-json\/wp\/v2\/product\/50643"}],"collection":[{"href":"https:\/\/kidtokidonline.pt\/setubal\/wp-json\/wp\/v2\/product"}],"about":[{"href":"https:\/\/kidtokidonline.pt\/setubal\/wp-json\/wp\/v2\/types\/product"}],"wp:featuredmedia":[{"embeddable":true,"href":"https:\/\/kidtokidonline.pt\/setubal\/wp-json\/wp\/v2\/media\/50642"}],"wp:attachment":[{"href":"https:\/\/kidtokidonline.pt\/setubal\/wp-json\/wp\/v2\/media?parent=50643"}],"wp:term":[{"taxonomy":"product_cat","embeddable":true,"href":"https:\/\/kidtokidonline.pt\/setubal\/wp-json\/wp\/v2\/product_cat?post=50643"},{"taxonomy":"product_tag","embeddable":true,"href":"https:\/\/kidtokidonline.pt\/setubal\/wp-json\/wp\/v2\/product_tag?post=50643"}],"curies":[{"name":"wp","href":"https:\/\/api.w.org\/{rel}","templated":true}]}}