{"id":3794,"date":"2020-04-01T19:52:34","date_gmt":"2020-04-01T19:52:34","guid":{"rendered":"https:\/\/kidtokidonline.pt\/staging\/?page_id=3794"},"modified":"2020-04-18T14:11:31","modified_gmt":"2020-04-18T14:11:31","slug":"devolucoes","status":"publish","type":"page","link":"https:\/\/kidtokidonline.pt\/setubal\/devolucoes\/","title":{"rendered":"Devolu\u00e7\u00f5es"},"content":{"rendered":"\t\t<div data-elementor-type=\"wp-page\" data-elementor-id=\"3794\" class=\"elementor elementor-3794\" data-elementor-settings=\"[]\">\n\t\t\t<div class=\"elementor-inner\">\n\t\t\t\t<div class=\"elementor-section-wrap\">\n\t\t\t\t\t\t\t<section class=\"elementor-element elementor-element-8769929 elementor-section-boxed elementor-section-height-default elementor-section-height-default elementor-section elementor-top-section\" data-id=\"8769929\" data-element_type=\"section\">\n\t\t\t\t\t\t<div class=\"elementor-container elementor-column-gap-default\">\n\t\t\t\t<div class=\"elementor-row\">\n\t\t\t\t<div class=\"elementor-element elementor-element-c7d3575 elementor-column elementor-col-100 elementor-top-column\" data-id=\"c7d3575\" data-element_type=\"column\">\n\t\t\t<div class=\"elementor-column-wrap  elementor-element-populated\">\n\t\t\t\t\t<div class=\"elementor-widget-wrap\">\n\t\t\t\t<div class=\"elementor-element elementor-element-ab01bbd elementor-widget elementor-widget-heading\" data-id=\"ab01bbd\" data-element_type=\"widget\" data-widget_type=\"heading.default\">\n\t\t\t\t<div class=\"elementor-widget-container\">\n\t\t\t<h2 class=\"elementor-heading-title elementor-size-default\">Devolu\u00e7\u00f5es<\/h2>\t\t<\/div>\n\t\t\t\t<\/div>\n\t\t\t\t\t\t<\/div>\n\t\t\t<\/div>\n\t\t<\/div>\n\t\t\t\t\t\t<\/div>\n\t\t\t<\/div>\n\t\t<\/section>\n\t\t\t\t<section class=\"elementor-element elementor-element-c8190f4 elementor-section-boxed elementor-section-height-default elementor-section-height-default elementor-section elementor-top-section\" data-id=\"c8190f4\" data-element_type=\"section\">\n\t\t\t\t\t\t<div class=\"elementor-container elementor-column-gap-default\">\n\t\t\t\t<div class=\"elementor-row\">\n\t\t\t\t<div class=\"elementor-element elementor-element-ecbbe71 elementor-column elementor-col-100 elementor-top-column\" data-id=\"ecbbe71\" data-element_type=\"column\">\n\t\t\t<div class=\"elementor-column-wrap  elementor-element-populated\">\n\t\t\t\t\t<div class=\"elementor-widget-wrap\">\n\t\t\t\t<div class=\"elementor-element elementor-element-0394fe4 elementor-widget elementor-widget-text-editor\" data-id=\"0394fe4\" data-element_type=\"widget\" data-widget_type=\"text-editor.default\">\n\t\t\t\t<div class=\"elementor-widget-container\">\n\t\t\t\t\t<div class=\"elementor-text-editor elementor-clearfix\"><p><strong>Devolu\u00e7\u00f5es<\/strong><\/p><p>Ap\u00f3s a rece\u00e7\u00e3o da encomenda, o Cliente disp\u00f5e de um prazo de 14 dias a contar do dia em que o pr\u00f3prio Cliente ou um terceiro indicado por este adquira a posse f\u00edsica dos bens, para resolver o contrato de compra e venda celebrado no site.<\/p><p>O exerc\u00edcio do direito de resolu\u00e7\u00e3o depende da verifica\u00e7\u00e3o das seguintes condi\u00e7\u00f5es:<\/p><ol><li><strong>a) Para devolver os artigos, a etiqueta Kid to Kid n\u00e3o pode ser retirada.<\/strong> Os artigos devem estar no mesmo estado de conserva\u00e7\u00e3o da venda e devidamente embalados.<\/li><li><strong>b)\u00a0<\/strong>Conjuntamente com os artigos devolvidos deve ser enviado a c\u00f3pia da fatura de compra e etiqueta no artigo.<\/li><li><strong>c)\u00a0<\/strong>No caso de um pedido de reembolso de um artigo comprado com pre\u00e7o reduzido, devido a uma oferta especial ou promo\u00e7\u00e3o, ser\u00e1 reembolsado unicamente o valor efetivamente pago pelo cliente;<\/li><li><strong>e)\u00a0<\/strong>Nas devolu\u00e7\u00f5es os portes de envio ser\u00e3o pagos pelo cliente, com exce\u00e7\u00e3o daquelas em que a loja venha a assumir a responsabilidade pela mesma;<\/li><li><strong>f)\u00a0<\/strong>Os artigos a devolver dever\u00e3o ser enviados para a morada indicada no ponto 7, no prazo m\u00e1ximo de 14 dias a contar da data de rece\u00e7\u00e3o da encomenda pelo Cliente. A data de devolu\u00e7\u00e3o a considerar corresponde \u00e0 data que consta no carimbo do dia em que a encomenda \u00e9 entregue para devolu\u00e7\u00e3o.<\/li><li><strong>g)\u00a0<\/strong>Em caso de resolu\u00e7\u00e3o do contrato com devolu\u00e7\u00e3o dos artigos encomendados nas condi\u00e7\u00f5es supra referidas, A Kid to Kid Online Set\u00fabal compromete-se a reembolsar o cliente no prazo de 14 dias a contar da data do conhecimento da decis\u00e3o de resolu\u00e7\u00e3o do Contrato pelo Cliente, do valor correspondente ao pre\u00e7o do(s) produto(s) constante na fatura de venda sem qualquer encargo para o Cliente. Caso contr\u00e1rio a Kid to Kid Set\u00fabal fica obrigada a devolver em dobro, no prazo de 15 dias \u00fateis, os montantes pagos pelo Cliente, sem preju\u00edzo do direito do Cliente a indemniza\u00e7\u00e3o por danos patrimoniais e n\u00e3o patrimoniais, n.\u00ba 6 do art.\u00ba 12\u00ba do Decreto-Lei 24\/2014 de 14 de fevereiro.<\/li><li><strong>h)\u00a0<\/strong>Quando o cliente devolver os artigos, na falta de qualquer dos componentes do artigo vendido ou, caso qualquer deles n\u00e3o se encontre no mesmo estado conserva\u00e7\u00e3o e devidamente embalado, n\u00e3o haver\u00e1 lugar a qualquer reembolso do pre\u00e7o, sendo o produto reenviado novamente ao cliente.<\/li><\/ol><p><strong>Os portes de envio ser\u00e3o suportados pelo Cliente.<\/strong><\/p><ol><li><strong>Devolu\u00e7\u00f5es e Apoio ao Cliente<\/strong><\/li><\/ol><p>As devolu\u00e7\u00f5es devem ser enviadas para a seguinte morada:<\/p><p>Kid to Kid Set\u00fabal<\/p><p>Avenida Mestre Lima de Freitas<\/p><p>Atlantic Park de Set\u00fabal, Loja H<\/p><p>2910-865 Set\u00fabal<\/p><p>Para qualquer d\u00favida ou quest\u00e3o os Clientes t\u00eam ao dispor os seguintes meios de contacto:<\/p><p>Telefone: +351 969 397 339<\/p><p>Hor\u00e1rio de atendimento: Dias \u00fateis e s\u00e1bados das 10h \u00e0s 19h<\/p><p>E-mail: <a href=\"mailto:amstyle.geral@gmail.com\">amstyle.geral@gmail.com<\/a><\/p><p><strong>Os portes de envio ser\u00e3o suportados pelo Cliente.<\/strong><\/p><\/div>\n\t\t\t\t<\/div>\n\t\t\t\t<\/div>\n\t\t\t\t\t\t<\/div>\n\t\t\t<\/div>\n\t\t<\/div>\n\t\t\t\t\t\t<\/div>\n\t\t\t<\/div>\n\t\t<\/section>\n\t\t\t\t\t\t<\/div>\n\t\t\t<\/div>\n\t\t<\/div>\n\t\t","protected":false},"excerpt":{"rendered":"<p>Devolu\u00e7\u00f5es Devolu\u00e7\u00f5es Ap\u00f3s a rece\u00e7\u00e3o da encomenda, o Cliente disp\u00f5e de um prazo de 14 dias a contar do dia em que o pr\u00f3prio Cliente ou um terceiro indicado por este adquira a posse f\u00edsica dos bens, para resolver o contrato de compra e venda celebrado no site. O exerc\u00edcio do direito de resolu\u00e7\u00e3o depende &hellip;<\/p>\n<p class=\"read-more\"> <a class=\"\" href=\"https:\/\/kidtokidonline.pt\/setubal\/devolucoes\/\"> <span class=\"screen-reader-text\">Devolu\u00e7\u00f5es<\/span> Read More &raquo;<\/a><\/p>\n","protected":false},"author":1,"featured_media":0,"parent":0,"menu_order":0,"comment_status":"closed","ping_status":"closed","template":"","meta":[],"_links":{"self":[{"href":"https:\/\/kidtokidonline.pt\/setubal\/wp-json\/wp\/v2\/pages\/3794"}],"collection":[{"href":"https:\/\/kidtokidonline.pt\/setubal\/wp-json\/wp\/v2\/pages"}],"about":[{"href":"https:\/\/kidtokidonline.pt\/setubal\/wp-json\/wp\/v2\/types\/page"}],"author":[{"embeddable":true,"href":"https:\/\/kidtokidonline.pt\/setubal\/wp-json\/wp\/v2\/users\/1"}],"replies":[{"embeddable":true,"href":"https:\/\/kidtokidonline.pt\/setubal\/wp-json\/wp\/v2\/comments?post=3794"}],"version-history":[{"count":6,"href":"https:\/\/kidtokidonline.pt\/setubal\/wp-json\/wp\/v2\/pages\/3794\/revisions"}],"predecessor-version":[{"id":50348,"href":"https:\/\/kidtokidonline.pt\/setubal\/wp-json\/wp\/v2\/pages\/3794\/revisions\/50348"}],"wp:attachment":[{"href":"https:\/\/kidtokidonline.pt\/setubal\/wp-json\/wp\/v2\/media?parent=3794"}],"curies":[{"name":"wp","href":"https:\/\/api.w.org\/{rel}","templated":true}]}}