{"id":87317,"date":"2023-05-13T09:17:24","date_gmt":"2023-05-13T09:17:24","guid":{"rendered":"https:\/\/kidtokidonline.pt\/matosinhos\/produto\/calcoes-mayoral-2-anos-8\/"},"modified":"2024-11-08T09:59:11","modified_gmt":"2024-11-08T09:59:11","slug":"calcoes-mayoral-2-anos-8","status":"publish","type":"product","link":"https:\/\/kidtokidonline.pt\/matosinhos\/produto\/calcoes-mayoral-2-anos-8\/","title":{"rendered":"Cal\u00e7\u00f5es MAYORAL (2 Anos)"},"content":{"rendered":"","protected":false},"excerpt":{"rendered":"<p>Por Estrear Cintura Ajust\u00e1vel<\/p>\n","protected":false},"featured_media":87316,"template":"","meta":[],"product_cat":[544],"product_tag":[169],"class_list":{"0":"post-87317","1":"product","2":"type-product","3":"status-publish","4":"has-post-thumbnail","6":"product_cat-calcas-calcoes-e-saias-2-3-anos","7":"product_tag-calcoes","8":"pa_tamanho-2anos","10":"first","11":"instock","12":"sale","13":"shipping-taxable","14":"purchasable","15":"product-type-simple"},"_links":{"self":[{"href":"https:\/\/kidtokidonline.pt\/matosinhos\/wp-json\/wp\/v2\/product\/87317","targetHints":{"allow":["GET"]}}],"collection":[{"href":"https:\/\/kidtokidonline.pt\/matosinhos\/wp-json\/wp\/v2\/product"}],"about":[{"href":"https:\/\/kidtokidonline.pt\/matosinhos\/wp-json\/wp\/v2\/types\/product"}],"wp:featuredmedia":[{"embeddable":true,"href":"https:\/\/kidtokidonline.pt\/matosinhos\/wp-json\/wp\/v2\/media\/87316"}],"wp:attachment":[{"href":"https:\/\/kidtokidonline.pt\/matosinhos\/wp-json\/wp\/v2\/media?parent=87317"}],"wp:term":[{"taxonomy":"product_cat","embeddable":true,"href":"https:\/\/kidtokidonline.pt\/matosinhos\/wp-json\/wp\/v2\/product_cat?post=87317"},{"taxonomy":"product_tag","embeddable":true,"href":"https:\/\/kidtokidonline.pt\/matosinhos\/wp-json\/wp\/v2\/product_tag?post=87317"}],"curies":[{"name":"wp","href":"https:\/\/api.w.org\/{rel}","templated":true}]}}