{"id":81524,"date":"2022-06-27T22:17:47","date_gmt":"2022-06-27T22:17:47","guid":{"rendered":"https:\/\/kidtokidonline.pt\/matosinhos\/produto\/vestido-mama-da-licenca-2-anos-2\/"},"modified":"2024-11-08T09:57:15","modified_gmt":"2024-11-08T09:57:15","slug":"vestido-mama-da-licenca-2-anos-2","status":"publish","type":"product","link":"https:\/\/kidtokidonline.pt\/matosinhos\/produto\/vestido-mama-da-licenca-2-anos-2\/","title":{"rendered":"Vestido MAM\u00c3 D\u00c1 LICEN\u00c7A (2 Anos)"},"content":{"rendered":"","protected":false},"excerpt":{"rendered":"<p>Por Estrear<\/p>\n","protected":false},"featured_media":81523,"template":"","meta":[],"product_cat":[549],"product_tag":[256],"class_list":{"0":"post-81524","1":"product","2":"type-product","3":"status-publish","4":"has-post-thumbnail","6":"product_cat-vestidos-2-3-anos","7":"product_tag-vestido","8":"pa_tamanho-2anos","10":"first","11":"instock","12":"sale","13":"shipping-taxable","14":"purchasable","15":"product-type-simple"},"_links":{"self":[{"href":"https:\/\/kidtokidonline.pt\/matosinhos\/wp-json\/wp\/v2\/product\/81524","targetHints":{"allow":["GET"]}}],"collection":[{"href":"https:\/\/kidtokidonline.pt\/matosinhos\/wp-json\/wp\/v2\/product"}],"about":[{"href":"https:\/\/kidtokidonline.pt\/matosinhos\/wp-json\/wp\/v2\/types\/product"}],"wp:featuredmedia":[{"embeddable":true,"href":"https:\/\/kidtokidonline.pt\/matosinhos\/wp-json\/wp\/v2\/media\/81523"}],"wp:attachment":[{"href":"https:\/\/kidtokidonline.pt\/matosinhos\/wp-json\/wp\/v2\/media?parent=81524"}],"wp:term":[{"taxonomy":"product_cat","embeddable":true,"href":"https:\/\/kidtokidonline.pt\/matosinhos\/wp-json\/wp\/v2\/product_cat?post=81524"},{"taxonomy":"product_tag","embeddable":true,"href":"https:\/\/kidtokidonline.pt\/matosinhos\/wp-json\/wp\/v2\/product_tag?post=81524"}],"curies":[{"name":"wp","href":"https:\/\/api.w.org\/{rel}","templated":true}]}}